- 109. List the prime factors of o.
5, 7
Let d(m) = m**2 - 1. Let j(o) = -7*o**2 + 2*o + 4. Let s(h) = -6*d(h) - j(h). Let f be s(4). What are the prime factors of 28/f*5/2?
7
Let l(y) = y**2 + 8. Let v be l(0). Suppose -5*r + 3*q + 25 = 0, v*r - 25 = 3*r - 5*q. What are the prime factors of r?
5
Let j = 48 - 24. Suppose 4*t + 5*f + 2 = -11, -3*t + 3*f + j = 0. List the prime factors of t.
3
Let i = 2 + 1. Let f(o) = -o. Let u(c) = 2*c + 4. Let x(h) = -5*f(h) - u(h). What are the prime factors of x(i)?
5
Let n = 19 + -4. List the prime factors of n.
3, 5
Suppose 3*l - 3 - 162 = 0. List the prime factors of l.
5, 11
Let p be 12/15 + (-11)/(-5). Let q(b) = 10*b - 1. What are the prime factors of q(p)?
29
Suppose 4*d = 5*f - 7, -3*f - 5*d = -12 - 7. Suppose -f*u = -u. Suppose -2*t - 4*j + 9 + 9 = u, 3 = 2*t - j. What are the prime factors of t?
3
Let k(q) = 388*q - 2. Let z be k(2). Let w be 1/(-5) - z/30. Let n = -14 - w. What are the prime factors of n?
2, 3
Suppose -13 + 5 = 2*v. Let m(y) = y**2 - y + 3. What are the prime factors of m(v)?
23
Let q(v) = 9*v + 2. What are the prime factors of q(2)?
2, 5
Suppose 3*l - 35 = -5*t + 40, 4*l = -5*t + 80. Suppose 7*a = 2*a. Suppose 4*s - 2*s - t = a. List the prime factors of s.
2, 3
Let g = 7 + -6. Suppose 0 = r + 5*p - 17, g = 2*r - 3*p + 2*p. What are the prime factors of r?
2
Let n be 3867/9 + 2/(-3). List the prime factors of 3/12 - n/(-12).
2, 3
Let s be -24 + 6/4*68/51. Let c = 22 - 0. List the prime factors of (-4)/c + (-312)/s.
2, 7
Let h(r) = -r**2 - 9*r - 10. What are the prime factors of h(-5)?
2, 5
Suppose 2*v - 29 = -4*l - l, 4*l - 20 = 0. Suppose -2*x + 13 + 9 = d, -4*x = 5*d - 38. Suppose x = v*u + u. List the prime factors of u.
2
Let c = 1 - 1. Suppose -7*m = -12*m. Suppose -4*a = 5*p - 51, -2*a + c*a + 8 = m. What are the prime factors of p?
7
Let m = 2 + -2. Let p(w) = -w**2 - 1. Let k be p(m). What are the prime factors of (k/(-2))/(2/48)?
2, 3
Let d(f) = -2*f**3 + 19*f**2 - 7*f - 1. What are the prime factors of d(8)?
3, 5
Let g(l) = -l**3 + 6*l**2 - 5*l + 5. Let z be g(5). Suppose -z*i + 0*u = u - 25, 0 = -i - 2*u + 5. Let w = i - 0. What are the prime factors of w?
5
Let p(y) = -3*y + 46. List the prime factors of p(14).
2
Suppose 0 = i - 4 + 20. Let q = -10 + i. Let p = -16 - q. What are the prime factors of p?
2, 5
Let w(i) = -i**2 + 7*i + 3. Let r be w(7). Let q = -1 + r. List the prime factors of (-287)/(-28) + q/(-8).
2, 5
Suppose 0 = v + 2*r - 11, -4*v - 5*r + 20 = -9. Let t be 1/1 + -14 + v. What are the prime factors of 134/10 - t/20?
2, 7
Let q = -18 + 3. What are the prime factors of (-20)/(-6)*(-36)/q?
2
Let n(y) = -7*y + 4. Let k be n(3). Let j be k*(0 - (-2)/(-2)). Let r = j - 10. What are the prime factors of r?
7
Let h(c) = -c**3 + 6*c**2 + 6*c. What are the prime factors of h(6)?
2, 3
Suppose 20*n - 17*n = 63. List the prime factors of n.
3, 7
Suppose 0 = 8*l - 4*l. What are the prime factors of 3*(0 - -3) + l?
3
Suppose 5*c + 23 - 1 = -3*v, 0 = -3*c - 6. Let r = v + 6. Suppose r*l + 4*t = -l + 32, -2*l = -2*t - 26. List the prime factors of l.
2, 3
Suppose 2*b - 2 = 8, 0 = m - 2*b - 6. What are the prime factors of m?
2
Let p(y) = y**2 - 5. Let w be p(-7). Suppose -5*l = -91 - w. List the prime factors of l.
3
Suppose 4*v - 28 - 4 = 0. Suppose -v - 2 = -5*l. Suppose -10 = -r + l. What are the prime factors of r?
2, 3
Let c be 12/4 - (0 - -3). Suppose -2*v = r - 24 - 1, c = 4*v - 8. Suppose 0 = -b + r - 1. What are the prime factors of b?
2, 5
Let y(q) = -q**3 - 6*q**2 - 2*q - 6. List the prime factors of y(-7).
3, 19
Let t(w) = -w**3 + 9*w**2 - 4*w + 2. List the prime factors of t(6).
2, 43
Let n be 4/(-6) + (-87)/(-9). Let w = 14 - n. List the prime factors of w.
5
Let d = 105 + -51. List the prime factors of d.
2, 3
Suppose 3 - 5 = 2*i. Let z = i - -18. List the prime factors of z.
17
Let m be ((-2)/(-4))/(5/(-70)). What are the prime factors of m/(28/(-24)) + 3?
3
Suppose -4*k + f = 2*f - 64, -2*k - 5*f + 32 = 0. Let b = k + -32. Let m = 23 + b. List the prime factors of m.
7
Suppose 5*k - 3*n = -4*n - 132, 0 = 3*k + 4*n + 69. Let t = k + 45. What are the prime factors of t?
2, 3
Let w(y) = 3*y**2 + 6*y + 4. List the prime factors of w(-4).
2, 7
Let m be (-26)/4 + (-12)/(-8). Let l = m + 13. List the prime factors of l.
2
Let k = -4 + 8. Suppose -5*b - 5*m + 81 = -3*m, -2*m = -k*b + 72. Suppose -3*f + b = -10. List the prime factors of f.
3
Let f(q) = 2*q**2 + 17*q + 7. Let d(h) = -3*h**2 - 18*h - 7. Let c be (0/1 - -1) + 2. Let k(a) = c*d(a) + 4*f(a). What are the prime factors of k(14)?
7
Suppose -3*v - 81 = -6*v. Suppose -3*w = -2*d - 32, 0 = w + 4*d + 7 - v. What are the prime factors of w?
2, 3
Suppose -3 = -v - 0. Let x(o) = o + 2. Let z be x(v). Suppose z*h = 7 + 18. List the prime factors of h.
5
Suppose -3*x = -2*i - 669, -i = -x + 3*i + 233. What are the prime factors of x?
13, 17
Suppose a + 5*w = w - 9, -5*w = -4*a + 27. Suppose -42 = a*j - 129. List the prime factors of j.
29
Let n(a) = a**2 - 1. Let u be n(3). Let f be 3*(u - 1) - 1. Let v = f + 0. List the prime factors of v.
2, 5
Suppose 2 = -q - 2*k - 0, 0 = 4*q + 4*k. Suppose 0*c - q*c = -22. List the prime factors of c.
11
Suppose 2*r - 9 + 99 = 0. List the prime factors of ((-1)/(-1))/((-5)/r).
3
Let z = 127 - -86. List the prime factors of z.
3, 71
Suppose -d = -0*d - 40. What are the prime factors of d?
2, 5
Let i = 7 - 2. Suppose -3*p = -2*p - i. Suppose o + 22 = 3*a, -3*a + 2*a - p*o = -2. What are the prime factors of a?
7
Suppose 116 = 4*l - t, 5 = 4*l - 5*t - 127. What are the prime factors of l?
2, 7
Let s(g) = g**2 - 3*g - 6. Let t be 5/((1 + 1)/(-2)). What are the prime factors of s(t)?
2, 17
Let f be (-105)/(-2)*(-24)/(-15). Suppose 3*k = 5*k - f. List the prime factors of k.
2, 3, 7
Let b be (-18)/14 - 6/(-21). List the prime factors of (6/5)/(b/(-10)).
2, 3
What are the prime factors of (-4 - (-5 - -1)) + 39?
3, 13
Let q(x) = 2*x**2 + 4*x - 1. Let k(g) = -2*g**2 + 0*g + g**2 + 9 - 4 - 7*g. Let o be k(-8). What are the prime factors of q(o)?
5
Suppose 5*t - 382 = -142. List the prime factors of t.
2, 3
Let i = 3 - -15. Let z be 0/(-3 - -2 - -2). Suppose -2*j = -z*j - i. List the prime factors of j.
3
Suppose -4*r + 140 = r. Suppose -6*w + 5*w = -r. What are the prime factors of w?
2, 7
Suppose -3*t = -4*c - 162, -3*t + 79 + 83 = 3*c. Suppose 0 = 3*w + u - t, 54 + 18 = 4*w + 3*u. List the prime factors of w.
2, 3
List the prime factors of 24/3*(-15)/40*-66.
2, 3, 11
Let z(w) = -w**3 - 6*w**2 + 2. Let o(v) = v**2 - 6*v + 2. Let u be o(4). Let x be z(u). Suppose -q + 6 = x*q. List the prime factors of q.
2
Let u(r) = -2*r - 1. Let c be u(5). Let y = c + 16. List the prime factors of y.
5
Let v = 20 + -28. Let i(x) = -4*x**2 + 2*x - 10. Let b(a) = -5*a**2 + a - 11. Let j(l) = -5*b(l) + 6*i(l). What are the prime factors of j(v)?
3
Let o be 256/14 + (-6)/21. Suppose 5*j - 18 = -2*x, -4 = -5*j - 3*x + o. Suppose 22 = j*y - 4. What are the prime factors of y?
13
Suppose 5*f + 1161 - 366 = 5*m, -2*m + 4*f = -318. What are the prime factors of m?
3, 53
Let b be ((-10)/8)/((-3)/(-24)). Suppose -w + 5*c = -0*w + 32, -3*w - 3*c = 42. Let s = b - w. List the prime factors of s.
7
Let g = -5 - -12. Suppose -h + 5*i = 1 + g, -3*h - 4*i = -14. List the prime factors of h.
2
Let c = 106 - 70. List the prime factors of c.
2, 3
Suppose s + w + 1 - 13 = 0, 2*s = 5*w + 52. List the prime factors of s.
2
Suppose -5*j = -3*h - 2*j + 180, h + 4*j = 35. What are the prime factors of h?
5, 11
Let k(o) = o**3 + 13*o**2 - o + 14. List the prime factors of k(-11).
3, 89
Let v be (-3)/(((-30)/(-4))/(-5)). Let c = v + 2. Suppose c*g - 96 + 24 = 0. What are the prime factors of g?
2, 3
Let q(m) = -2*m + 1. Let r be q(-3). What are the prime factors of -5 - -6 - r*-1?
2
Let p(c) = -13*c - 1. What are the prime factors of p(-2)?
5
Let d be 4/(-20) + 3122/10. Suppose 2*p + 4*p = d. List the prime factors of p.
2, 13
Let s(u) = u - 5. Let w = -45 + 72. Suppose -5*l = -m + 5 + w, 2*m = l + 19. What are the prime factors of s(m)?
2
Let w(n) = -n**3 + n. Let x be w(1). Suppose -2*i + 5*t = -3*i + 3, -5*i - 3*t + 59 = x. What are the prime factors of i?
13
Let d(a) = -2*a + 3*a - 2*a + 2 + 6*a. List the prime 